{"id":32,"date":"2021-02-23T16:09:10","date_gmt":"2021-02-23T16:09:10","guid":{"rendered":"http:\/\/www.avebocage.net\/escoladigital\/?page_id=32"},"modified":"2021-02-25T14:39:44","modified_gmt":"2021-02-25T14:39:44","slug":"programa-escola-digital","status":"publish","type":"page","link":"https:\/\/www.avebocage.net\/escoladigital\/","title":{"rendered":"Programa Escola Digital"},"content":{"rendered":"\r\n<figure class=\"wp-block-image size-large is-resized\"><img loading=\"lazy\" decoding=\"async\" class=\"aligncenter wp-image-48\" src=\"https:\/\/www.avebocage.net\/escoladigital\/wp-content\/uploads\/2021\/02\/escola-digital-logo-ME-e1608567886446-1.png\" alt=\"\" width=\"543\" height=\"154\" srcset=\"https:\/\/www.avebocage.net\/escoladigital\/wp-content\/uploads\/2021\/02\/escola-digital-logo-ME-e1608567886446-1.png 950w, https:\/\/www.avebocage.net\/escoladigital\/wp-content\/uploads\/2021\/02\/escola-digital-logo-ME-e1608567886446-1-300x85.png 300w, https:\/\/www.avebocage.net\/escoladigital\/wp-content\/uploads\/2021\/02\/escola-digital-logo-ME-e1608567886446-1-768x217.png 768w\" sizes=\"auto, (max-width: 543px) 100vw, 543px\" \/><\/figure>\r\n\r\n\r\n\r\n<p style=\"text-align: justify;\">Para cumprimento do Programa do XXII Governo Constitucional, e com vista a alcan\u00e7ar a meta da \u201cUniversaliza\u00e7\u00e3o da Escola Digital\u201d, o Minist\u00e9rio da Educa\u00e7\u00e3o implementar\u00e1, a partir do corrente ano letivo, medidas que permitir\u00e3o incrementar esta estrat\u00e9gia, faseadamente.<\/p>\r\n<p>\r\n\r\n<\/p>\r\n<p style=\"text-align: justify;\">O programa Escola Digital assenta em quatro pilares (equipamentos, conetividade, capacita\u00e7\u00e3o dos professores e recursos pedag\u00f3gicos digitais), dos quais aqui se destacam o acesso a equipamentos e a conetividade.<\/p>\r\n<p>\r\n\r\n<\/p>\r\n<p style=\"text-align: justify;\">A n\u00edvel infraestrutural, as escolas p\u00fablicas ser\u00e3o dotadas de computadores, conetividade e licen\u00e7as de software, que come\u00e7am a chegar \u00e0s escolas p\u00fablicas de forma progressiva.<\/p>\r\n<p>\r\n\r\n<\/p>\r\n<p style=\"text-align: justify;\">Num primeiro momento ser\u00e1 dada particular aten\u00e7\u00e3o aos alunos abrangidos por apoios no \u00e2mbito da A\u00e7\u00e3o Social Escolar,\u00a0<strong>iniciando-se com os alunos do escal\u00e3o A e B.<\/strong> At\u00e9 ao momento, o agrupamento ainda n\u00e3o recebeu a totalidade dos equipamentos previstos, n\u00e3o existindo por isso uma data para entrega dos mesmos.<\/p>\r\n<p>\r\n\r\n<\/p>\r\n<p style=\"text-align: justify;\">A Secretaria-Geral da Educa\u00e7\u00e3o e Ci\u00eancia (SGEC) \u00e9 a entidade respons\u00e1vel pelo fornecimento dos equipamentos aos Agrupamentos de Escolas\/Escolas n\u00e3o Agrupadas (AE\/ENA) que, por sua vez, ficam encarregues de ceder aos alunos o direito de utiliza\u00e7\u00e3o <strong><em>tempor\u00e1ria<\/em><\/strong> e <strong><em>gratuita<\/em><\/strong> de equipamentos inform\u00e1ticos, conetividade e servi\u00e7os conexos, no \u00e2mbito da execu\u00e7\u00e3o da medida \u00abUniversaliza\u00e7\u00e3o da Escola Digital\u00bb,\u00a0<strong>na qualidade de comodat\u00e1rios<\/strong>.<\/p>\r\n<p>\r\n\r\n<\/p>\r\n<p style=\"text-align: justify;\">Este processo requer a entrega do equipamento na sede de cada AE\/ENA, a assinatura de um Acordo de Coopera\u00e7\u00e3o sobre a utiliza\u00e7\u00e3o de equipamentos inform\u00e1ticos, entre os respetivos AE\/ENA e a SGEC,\u00a0<strong>bem como a assinatura de um Auto de Entrega pelo Encarregado de Educa\u00e7\u00e3o do aluno a quem for cedido o kit<\/strong>. (Pode ser consultado aqui no site).<\/p>\r\n<p>\r\n\r\n<\/p>\r\n<div class=\"wp-block-columns is-layout-flex wp-container-core-columns-is-layout-9d6595d7 wp-block-columns-is-layout-flex\">\r\n<div class=\"wp-block-column is-layout-flow wp-block-column-is-layout-flow\">\r\n<div class=\"wp-block-group\">\r\n<div class=\"wp-block-group__inner-container is-layout-flow wp-block-group-is-layout-flow\">\r\n<p style=\"text-align: justify;\"><strong>Morada:<\/strong><\/p>\r\n<pre style=\"text-align: justify;\">Avenida de Angola 16A<br \/>2099-052 Set\u00fabal<\/pre>\r\n<\/div>\r\n<\/div>\r\n<\/div>\r\n\r\n\r\n\r\n<div class=\"wp-block-column is-layout-flow wp-block-column-is-layout-flow\">\r\n<pre class=\"wp-block-code\"><code><div id=\"wpgmza_map\" class=\"wpgmza_map\" data-settings='{\"id\":\"1\",\"map_title\":\"Escola\",\"map_width\":\"100\",\"map_height\":\"400\",\"map_start_lat\":\"38.53734057704193\",\"map_start_lng\":\"-8.89097473237483\",\"map_start_location\":\"45.950464398418106,-109.81550500000003\",\"map_start_zoom\":\"17\",\"default_marker\":\"\",\"type\":\"0\",\"alignment\":\"4\",\"directions_enabled\":\"0\",\"styling_enabled\":\"0\",\"styling_json\":\"\",\"active\":\"0\",\"kml\":\"\",\"bicycle\":\"0\",\"traffic\":\"0\",\"dbox\":\"0\",\"dbox_width\":\"\",\"listmarkers\":\"0\",\"listmarkers_advanced\":\"0\",\"filterbycat\":\"0\",\"ugm_enabled\":\"0\",\"ugm_category_enabled\":\"0\",\"fusion\":\"\",\"map_width_type\":\"%\",\"map_height_type\":\"px\",\"mass_marker_support\":\"0\",\"ugm_access\":\"0\",\"order_markers_by\":\"0\",\"order_markers_choice\":\"0\",\"show_user_location\":\"0\",\"default_to\":\"\",\"other_settings\":{\"map_type\":1,\"sl_stroke_color\":\"\",\"sl_fill_color\":\"\",\"sl_stroke_opacity\":\"\",\"sl_fill_opacity\":\"\",\"transport_layer\":false,\"action\":\"wpgmza_save_map\",\"redirect_to\":\"\\\/escoladigital\\\/wp-admin\\\/admin-post.php\",\"map_id\":\"1\",\"http_referer\":\"\\\/escoladigital\\\/wp-admin\\\/admin.php?page=wp-google-maps-menu&amp;action=edit&amp;map_id=1\",\"wpgmza_id\":\"1\",\"wpgmza_start_location\":\"38.53734057704193,-8.89097473237483\",\"wpgmza_start_zoom\":\"17\",\"store_locator_enabled\":false,\"store_locator_search_area\":\"radial\",\"wpgmza_store_locator_radius_style\":\"legacy\",\"wpgmza_store_locator_default_radius\":\"10\",\"store_locator_auto_area_max_zoom\":\"\",\"store_locator_distance\":false,\"wpgmza_store_locator_position\":false,\"store_locator_show_distance\":false,\"store_locator_category\":false,\"wpgmza_store_locator_use_their_location\":false,\"wpgmza_store_locator_bounce\":false,\"wpgmza_sl_animation\":null,\"wpgmza_store_locator_hide_before_search\":false,\"store_locator_query_string\":\"\",\"store_locator_default_address\":\"\",\"store_locator_name_search\":false,\"store_locator_name_string\":\"\",\"store_locator_not_found_message\":\"\",\"wpgmza_map_align\":\"1\",\"jump_to_nearest_marker_on_initialization\":false,\"automatically_pan_to_users_location\":false,\"override_users_location_zoom_level\":false,\"override_users_location_zoom_levels\":\"\",\"show_distance_from_location\":false,\"map_max_zoom\":\"21\",\"map_min_zoom\":\"0\",\"click_open_link\":false,\"fit_maps_bounds_to_markers\":false,\"fit_maps_bounds_to_markers_after_filtering\":false,\"hide_point_of_interest\":false,\"wpgmza_zoom_on_marker_click\":false,\"wpgmza_zoom_on_marker_click_slider\":\"\",\"close_infowindow_on_map_click\":false,\"disable_lightbox_images\":false,\"use_Raw_Jpeg_Coordinates\":false,\"polygon_labels\":false,\"disable_polygon_info_windows\":false,\"enable_marker_ratings\":false,\"only_load_markers_within_viewport\":false,\"iw_primary_color\":\"\",\"iw_accent_color\":\"\",\"iw_text_color\":\"\",\"wpgmza_listmarkers_by\":\"0\",\"wpgmza_marker_listing_position\":false,\"datatable_no_result_message\":\"\",\"remove_search_box_datables\":false,\"dataTable_pagination_style\":null,\"datatable_search_string\":\"\",\"datatable_result_start\":\"\",\"datatable_result_of\":\"\",\"datatable_result_to\":\"\",\"datatable_result_total\":\"\",\"datatable_result_show\":\"\",\"datatable_result_entries\":\"\",\"wpgmza_savemap\":\"Salvar o mapa \\u00bb\"}}' data-map-id='1' Data-maps-engine='open-layers' data-shortcode-attributes='{\"id\":\"1\"}' style=\"display:block; overflow:auto; width:100%; height:400px; float:left;\"><\/div>\r\n<\/code><\/pre>\r\n<\/div>\r\n<\/div>\r\n<p>\r\n\r\n<\/p>\r\n<p>&nbsp;<\/p>\r\n<p><\/p>","protected":false},"excerpt":{"rendered":"<p>Para cumprimento do Programa do XXII Governo Constitucional, e com vista a alcan\u00e7ar a meta da \u201cUniversaliza\u00e7\u00e3o da Escola Digital\u201d, o Minist\u00e9rio da Educa\u00e7\u00e3o implementar\u00e1, a partir do corrente ano letivo, medidas que permitir\u00e3o incrementar esta estrat\u00e9gia, faseadamente. O programa Escola Digital assenta em quatro pilares (equipamentos, conetividade, capacita\u00e7\u00e3o dos professores e recursos pedag\u00f3gicos digitais), [&hellip;]<\/p>\n","protected":false},"author":2,"featured_media":0,"parent":0,"menu_order":0,"comment_status":"closed","ping_status":"closed","template":"","meta":{"footnotes":""},"class_list":["post-32","page","type-page","status-publish","hentry"],"aioseo_notices":[],"_links":{"self":[{"href":"https:\/\/www.avebocage.net\/escoladigital\/wp-json\/wp\/v2\/pages\/32","targetHints":{"allow":["GET"]}}],"collection":[{"href":"https:\/\/www.avebocage.net\/escoladigital\/wp-json\/wp\/v2\/pages"}],"about":[{"href":"https:\/\/www.avebocage.net\/escoladigital\/wp-json\/wp\/v2\/types\/page"}],"author":[{"embeddable":true,"href":"https:\/\/www.avebocage.net\/escoladigital\/wp-json\/wp\/v2\/users\/2"}],"replies":[{"embeddable":true,"href":"https:\/\/www.avebocage.net\/escoladigital\/wp-json\/wp\/v2\/comments?post=32"}],"version-history":[{"count":18,"href":"https:\/\/www.avebocage.net\/escoladigital\/wp-json\/wp\/v2\/pages\/32\/revisions"}],"predecessor-version":[{"id":93,"href":"https:\/\/www.avebocage.net\/escoladigital\/wp-json\/wp\/v2\/pages\/32\/revisions\/93"}],"wp:attachment":[{"href":"https:\/\/www.avebocage.net\/escoladigital\/wp-json\/wp\/v2\/media?parent=32"}],"curies":[{"name":"wp","href":"https:\/\/api.w.org\/{rel}","templated":true}]}}